{"id":4640,"date":"2019-11-15T11:54:46","date_gmt":"2019-11-15T11:54:46","guid":{"rendered":"http:\/\/astekaksesuar.com\/?page_id=4640"},"modified":"2019-11-15T15:25:42","modified_gmt":"2019-11-15T15:25:42","slug":"klipsler","status":"publish","type":"page","link":"https:\/\/astekaksesuar.com\/?page_id=4640","title":{"rendered":"Klipsler"},"content":{"rendered":"\t\t<div data-elementor-type=\"wp-page\" data-elementor-id=\"4640\" class=\"elementor elementor-4640\">\n\t\t\t\t\t\t<section class=\"elementor-section elementor-top-section elementor-element elementor-element-51db428 elementor-section-boxed elementor-section-height-default elementor-section-height-default\" data-id=\"51db428\" data-element_type=\"section\" data-e-type=\"section\">\n\t\t\t\t\t\t<div class=\"elementor-container elementor-column-gap-default\">\n\t\t\t\t\t<div class=\"elementor-column elementor-col-100 elementor-top-column elementor-element elementor-element-3829d7d\" data-id=\"3829d7d\" data-element_type=\"column\" data-e-type=\"column\">\n\t\t\t<div class=\"elementor-widget-wrap elementor-element-populated\">\n\t\t\t\t\t\t<div class=\"elementor-element elementor-element-6e6d5bc elementor-widget elementor-widget-image\" data-id=\"6e6d5bc\" data-element_type=\"widget\" data-e-type=\"widget\" data-widget_type=\"image.default\">\n\t\t\t\t<div class=\"elementor-widget-container\">\n\t\t\t\t\t        <div class=\"elementor-image\">\n                                                <img decoding=\"async\" src=\"https:\/\/astekaksesuar.com\/wp-content\/uploads\/2019\/11\/klipsler_heade-1.png\" title=\"klipsler_heade\" alt=\"klipsler_heade\" loading=\"lazy\" \/>                                                            <\/div>\n        \t\t\t\t<\/div>\n\t\t\t\t<\/div>\n\t\t\t\t\t<\/div>\n\t\t<\/div>\n\t\t\t\t\t<\/div>\n\t\t<\/section>\n\t\t\t\t<section class=\"elementor-section elementor-top-section elementor-element elementor-element-8f59cf9 elementor-section-boxed elementor-section-height-default elementor-section-height-default\" data-id=\"8f59cf9\" data-element_type=\"section\" data-e-type=\"section\">\n\t\t\t\t\t\t<div class=\"elementor-container elementor-column-gap-default\">\n\t\t\t\t\t<div class=\"elementor-column elementor-col-25 elementor-top-column elementor-element elementor-element-a531c29\" data-id=\"a531c29\" data-element_type=\"column\" data-e-type=\"column\">\n\t\t\t<div class=\"elementor-widget-wrap\">\n\t\t\t\t\t\t\t<\/div>\n\t\t<\/div>\n\t\t\t\t<div class=\"elementor-column elementor-col-25 elementor-top-column elementor-element elementor-element-b7606af\" data-id=\"b7606af\" data-element_type=\"column\" data-e-type=\"column\">\n\t\t\t<div class=\"elementor-widget-wrap elementor-element-populated\">\n\t\t\t\t\t\t<div class=\"elementor-element elementor-element-f5dc064 elementor-vertical-align-flex-end elementor-widget elementor-widget-opal-product-categories\" data-id=\"f5dc064\" data-element_type=\"widget\" data-e-type=\"widget\" data-widget_type=\"opal-product-categories.default\">\n\t\t\t\t<div class=\"elementor-widget-container\">\n\t\t\t\t\t\n            <div class=\"product-cats\">\n                <div class=\"cats-image\">\n                                            <img decoding=\"async\" src=\"https:\/\/astekaksesuar.com\/wp-content\/uploads\/2019\/11\/04-6.jpg\"\n                             alt=\"Metal Klipsler\">\n                                        <\/div>\n                <div class=\"product-cats-meta\">\n                    <div class=\"cats-title\">\n                        <a href=\"https:\/\/astekaksesuar.com\/?product_cat=metalklipsler\"\n                           title=\"Metal Klipsler\">\n                            Metal Klipsler                        <\/a>\n                    <\/div>\n                    <div class=\"cats-total\">\n                        6 items                    <\/div>\n                                    <\/div>\n            <\/div>\n\n            \t\t\t\t<\/div>\n\t\t\t\t<\/div>\n\t\t\t\t\t<\/div>\n\t\t<\/div>\n\t\t\t\t<div class=\"elementor-column elementor-col-25 elementor-top-column elementor-element elementor-element-302018a\" data-id=\"302018a\" data-element_type=\"column\" data-e-type=\"column\">\n\t\t\t<div class=\"elementor-widget-wrap elementor-element-populated\">\n\t\t\t\t\t\t<div class=\"elementor-element elementor-element-512647f elementor-vertical-align-flex-end elementor-widget elementor-widget-opal-product-categories\" data-id=\"512647f\" data-element_type=\"widget\" data-e-type=\"widget\" data-widget_type=\"opal-product-categories.default\">\n\t\t\t\t<div class=\"elementor-widget-container\">\n\t\t\t\t\t\n            <div class=\"product-cats\">\n                <div class=\"cats-image\">\n                                            <img decoding=\"async\" src=\"https:\/\/astekaksesuar.com\/wp-content\/uploads\/2019\/11\/04-7.jpg\"\n                             alt=\"Ta\u015fl\u0131 Klipsler\">\n                                        <\/div>\n                <div class=\"product-cats-meta\">\n                    <div class=\"cats-title\">\n                        <a href=\"https:\/\/astekaksesuar.com\/?product_cat=tasliklipsler\"\n                           title=\"Ta\u015fl\u0131 Klipsler\">\n                            Ta\u015fl\u0131 Klipsler                        <\/a>\n                    <\/div>\n                    <div class=\"cats-total\">\n                        9 items                    <\/div>\n                                    <\/div>\n            <\/div>\n\n            \t\t\t\t<\/div>\n\t\t\t\t<\/div>\n\t\t\t\t\t<\/div>\n\t\t<\/div>\n\t\t\t\t<div class=\"elementor-column elementor-col-25 elementor-top-column elementor-element elementor-element-0347eb5\" data-id=\"0347eb5\" data-element_type=\"column\" data-e-type=\"column\">\n\t\t\t<div class=\"elementor-widget-wrap\">\n\t\t\t\t\t\t\t<\/div>\n\t\t<\/div>\n\t\t\t\t\t<\/div>\n\t\t<\/section>\n\t\t\t\t<\/div>\n\t\t","protected":false},"excerpt":{"rendered":"<p>Metal Klipsler 6 items Ta\u015fl\u0131 Klipsler 5 items<\/p>\n","protected":false},"author":1,"featured_media":0,"parent":0,"menu_order":0,"comment_status":"closed","ping_status":"closed","template":"","meta":{"footnotes":""},"class_list":["post-4640","page","type-page","status-publish","hentry"],"yoast_head":"<!-- This site is optimized with the Yoast SEO plugin v27.5 - https:\/\/yoast.com\/product\/yoast-seo-wordpress\/ -->\n<title>Klipsler - Astek Aksesuar<\/title>\n<meta name=\"robots\" content=\"index, follow, max-snippet:-1, max-image-preview:large, max-video-preview:-1\" \/>\n<link rel=\"canonical\" href=\"https:\/\/astekaksesuar.com\/?page_id=4640\" \/>\n<meta property=\"og:locale\" content=\"tr_TR\" \/>\n<meta property=\"og:type\" content=\"article\" \/>\n<meta property=\"og:title\" content=\"Klipsler - Astek Aksesuar\" \/>\n<meta property=\"og:description\" content=\"Metal Klipsler 6 items Ta\u015fl\u0131 Klipsler 5 items\" \/>\n<meta property=\"og:url\" content=\"https:\/\/astekaksesuar.com\/?page_id=4640\" \/>\n<meta property=\"og:site_name\" content=\"Astek Aksesuar\" \/>\n<meta property=\"article:modified_time\" content=\"2019-11-15T15:25:42+00:00\" \/>\n<meta property=\"og:image\" content=\"http:\/\/astekaksesuar.com\/wp-content\/uploads\/elementor\/thumbs\/klipsler_heade-1-ograzkwo174qc2hf71ucfqchts2f1j9hdlhkglqqyo.png\" \/>\n<meta name=\"twitter:card\" content=\"summary_large_image\" \/>\n<script type=\"application\/ld+json\" class=\"yoast-schema-graph\">{\"@context\":\"https:\\\/\\\/schema.org\",\"@graph\":[{\"@type\":\"WebPage\",\"@id\":\"https:\\\/\\\/astekaksesuar.com\\\/?page_id=4640\",\"url\":\"https:\\\/\\\/astekaksesuar.com\\\/?page_id=4640\",\"name\":\"Klipsler - Astek Aksesuar\",\"isPartOf\":{\"@id\":\"https:\\\/\\\/astekaksesuar.com\\\/#website\"},\"primaryImageOfPage\":{\"@id\":\"https:\\\/\\\/astekaksesuar.com\\\/?page_id=4640#primaryimage\"},\"image\":{\"@id\":\"https:\\\/\\\/astekaksesuar.com\\\/?page_id=4640#primaryimage\"},\"thumbnailUrl\":\"http:\\\/\\\/astekaksesuar.com\\\/wp-content\\\/uploads\\\/elementor\\\/thumbs\\\/klipsler_heade-1-ograzkwo174qc2hf71ucfqchts2f1j9hdlhkglqqyo.png\",\"datePublished\":\"2019-11-15T11:54:46+00:00\",\"dateModified\":\"2019-11-15T15:25:42+00:00\",\"breadcrumb\":{\"@id\":\"https:\\\/\\\/astekaksesuar.com\\\/?page_id=4640#breadcrumb\"},\"inLanguage\":\"tr\",\"potentialAction\":[{\"@type\":\"ReadAction\",\"target\":[\"https:\\\/\\\/astekaksesuar.com\\\/?page_id=4640\"]}]},{\"@type\":\"ImageObject\",\"inLanguage\":\"tr\",\"@id\":\"https:\\\/\\\/astekaksesuar.com\\\/?page_id=4640#primaryimage\",\"url\":\"http:\\\/\\\/astekaksesuar.com\\\/wp-content\\\/uploads\\\/elementor\\\/thumbs\\\/klipsler_heade-1-ograzkwo174qc2hf71ucfqchts2f1j9hdlhkglqqyo.png\",\"contentUrl\":\"http:\\\/\\\/astekaksesuar.com\\\/wp-content\\\/uploads\\\/elementor\\\/thumbs\\\/klipsler_heade-1-ograzkwo174qc2hf71ucfqchts2f1j9hdlhkglqqyo.png\"},{\"@type\":\"BreadcrumbList\",\"@id\":\"https:\\\/\\\/astekaksesuar.com\\\/?page_id=4640#breadcrumb\",\"itemListElement\":[{\"@type\":\"ListItem\",\"position\":1,\"name\":\"Ana sayfa\",\"item\":\"https:\\\/\\\/astekaksesuar.com\\\/\"},{\"@type\":\"ListItem\",\"position\":2,\"name\":\"Klipsler\"}]},{\"@type\":\"WebSite\",\"@id\":\"https:\\\/\\\/astekaksesuar.com\\\/#website\",\"url\":\"https:\\\/\\\/astekaksesuar.com\\\/\",\"name\":\"Astek Aksesuar\",\"description\":\"Aksesuar, D\u00fc\u011fme, Bro\u015f ve Fermuarlar\",\"publisher\":{\"@id\":\"https:\\\/\\\/astekaksesuar.com\\\/#organization\"},\"potentialAction\":[{\"@type\":\"SearchAction\",\"target\":{\"@type\":\"EntryPoint\",\"urlTemplate\":\"https:\\\/\\\/astekaksesuar.com\\\/?s={search_term_string}\"},\"query-input\":{\"@type\":\"PropertyValueSpecification\",\"valueRequired\":true,\"valueName\":\"search_term_string\"}}],\"inLanguage\":\"tr\"},{\"@type\":\"Organization\",\"@id\":\"https:\\\/\\\/astekaksesuar.com\\\/#organization\",\"name\":\"Astek Aksesuar\",\"url\":\"https:\\\/\\\/astekaksesuar.com\\\/\",\"logo\":{\"@type\":\"ImageObject\",\"inLanguage\":\"tr\",\"@id\":\"https:\\\/\\\/astekaksesuar.com\\\/#\\\/schema\\\/logo\\\/image\\\/\",\"url\":\"\",\"contentUrl\":\"\",\"caption\":\"Astek Aksesuar\"},\"image\":{\"@id\":\"https:\\\/\\\/astekaksesuar.com\\\/#\\\/schema\\\/logo\\\/image\\\/\"}}]}<\/script>\n<!-- \/ Yoast SEO plugin. -->","yoast_head_json":{"title":"Klipsler - Astek Aksesuar","robots":{"index":"index","follow":"follow","max-snippet":"max-snippet:-1","max-image-preview":"max-image-preview:large","max-video-preview":"max-video-preview:-1"},"canonical":"https:\/\/astekaksesuar.com\/?page_id=4640","og_locale":"tr_TR","og_type":"article","og_title":"Klipsler - Astek Aksesuar","og_description":"Metal Klipsler 6 items Ta\u015fl\u0131 Klipsler 5 items","og_url":"https:\/\/astekaksesuar.com\/?page_id=4640","og_site_name":"Astek Aksesuar","article_modified_time":"2019-11-15T15:25:42+00:00","og_image":[{"url":"http:\/\/astekaksesuar.com\/wp-content\/uploads\/elementor\/thumbs\/klipsler_heade-1-ograzkwo174qc2hf71ucfqchts2f1j9hdlhkglqqyo.png","type":"","width":"","height":""}],"twitter_card":"summary_large_image","schema":{"@context":"https:\/\/schema.org","@graph":[{"@type":"WebPage","@id":"https:\/\/astekaksesuar.com\/?page_id=4640","url":"https:\/\/astekaksesuar.com\/?page_id=4640","name":"Klipsler - Astek Aksesuar","isPartOf":{"@id":"https:\/\/astekaksesuar.com\/#website"},"primaryImageOfPage":{"@id":"https:\/\/astekaksesuar.com\/?page_id=4640#primaryimage"},"image":{"@id":"https:\/\/astekaksesuar.com\/?page_id=4640#primaryimage"},"thumbnailUrl":"http:\/\/astekaksesuar.com\/wp-content\/uploads\/elementor\/thumbs\/klipsler_heade-1-ograzkwo174qc2hf71ucfqchts2f1j9hdlhkglqqyo.png","datePublished":"2019-11-15T11:54:46+00:00","dateModified":"2019-11-15T15:25:42+00:00","breadcrumb":{"@id":"https:\/\/astekaksesuar.com\/?page_id=4640#breadcrumb"},"inLanguage":"tr","potentialAction":[{"@type":"ReadAction","target":["https:\/\/astekaksesuar.com\/?page_id=4640"]}]},{"@type":"ImageObject","inLanguage":"tr","@id":"https:\/\/astekaksesuar.com\/?page_id=4640#primaryimage","url":"http:\/\/astekaksesuar.com\/wp-content\/uploads\/elementor\/thumbs\/klipsler_heade-1-ograzkwo174qc2hf71ucfqchts2f1j9hdlhkglqqyo.png","contentUrl":"http:\/\/astekaksesuar.com\/wp-content\/uploads\/elementor\/thumbs\/klipsler_heade-1-ograzkwo174qc2hf71ucfqchts2f1j9hdlhkglqqyo.png"},{"@type":"BreadcrumbList","@id":"https:\/\/astekaksesuar.com\/?page_id=4640#breadcrumb","itemListElement":[{"@type":"ListItem","position":1,"name":"Ana sayfa","item":"https:\/\/astekaksesuar.com\/"},{"@type":"ListItem","position":2,"name":"Klipsler"}]},{"@type":"WebSite","@id":"https:\/\/astekaksesuar.com\/#website","url":"https:\/\/astekaksesuar.com\/","name":"Astek Aksesuar","description":"Aksesuar, D\u00fc\u011fme, Bro\u015f ve Fermuarlar","publisher":{"@id":"https:\/\/astekaksesuar.com\/#organization"},"potentialAction":[{"@type":"SearchAction","target":{"@type":"EntryPoint","urlTemplate":"https:\/\/astekaksesuar.com\/?s={search_term_string}"},"query-input":{"@type":"PropertyValueSpecification","valueRequired":true,"valueName":"search_term_string"}}],"inLanguage":"tr"},{"@type":"Organization","@id":"https:\/\/astekaksesuar.com\/#organization","name":"Astek Aksesuar","url":"https:\/\/astekaksesuar.com\/","logo":{"@type":"ImageObject","inLanguage":"tr","@id":"https:\/\/astekaksesuar.com\/#\/schema\/logo\/image\/","url":"","contentUrl":"","caption":"Astek Aksesuar"},"image":{"@id":"https:\/\/astekaksesuar.com\/#\/schema\/logo\/image\/"}}]}},"_links":{"self":[{"href":"https:\/\/astekaksesuar.com\/index.php?rest_route=\/wp\/v2\/pages\/4640","targetHints":{"allow":["GET"]}}],"collection":[{"href":"https:\/\/astekaksesuar.com\/index.php?rest_route=\/wp\/v2\/pages"}],"about":[{"href":"https:\/\/astekaksesuar.com\/index.php?rest_route=\/wp\/v2\/types\/page"}],"author":[{"embeddable":true,"href":"https:\/\/astekaksesuar.com\/index.php?rest_route=\/wp\/v2\/users\/1"}],"replies":[{"embeddable":true,"href":"https:\/\/astekaksesuar.com\/index.php?rest_route=%2Fwp%2Fv2%2Fcomments&post=4640"}],"version-history":[{"count":5,"href":"https:\/\/astekaksesuar.com\/index.php?rest_route=\/wp\/v2\/pages\/4640\/revisions"}],"predecessor-version":[{"id":5128,"href":"https:\/\/astekaksesuar.com\/index.php?rest_route=\/wp\/v2\/pages\/4640\/revisions\/5128"}],"wp:attachment":[{"href":"https:\/\/astekaksesuar.com\/index.php?rest_route=%2Fwp%2Fv2%2Fmedia&parent=4640"}],"curies":[{"name":"wp","href":"https:\/\/api.w.org\/{rel}","templated":true}]}}